ivided by d(o)?
17
What is the remainder when 517/22 + 2/4 is divided by 13?
11
Let x(y) = -1. Let f(o) = 3*o**2 + 3. Let l(t) = f(t) + 4*x(t). What is the remainder when l(-2) is divided by 3?
2
Suppose -5*a + 15 = 2*w, -3*a + 3*w + 18 = 6*w. Let u be 0 + -1 + a*2. Calculate the remainder when u/3 + 38/3 is divided by 7.
6
Let s(w) = 2*w**2 - 12*w. Let f = 7 - -1. Let r be s(f). What is the remainder when 30 is divided by (1 + r)*(-7)/(-21)?
8
Suppose 0 = -f - 2*f - b + 28, 4*f = 4*b + 64. Let w = 16 - f. Calculate the remainder when 19 is divided by w.
4
Let w(i) = -i. What is the remainder when (0 - -1)/((-88)/32 + 3) is divided by w(-3)?
1
Let v(k) = k**3 - k + 32. Let c = 1 - -1. Suppose -2 = c*a + 4*x - 6, 3*a - 4 = -4*x. What is the remainder when v(a) is divided by 17?
15
Suppose 2*k - 4*k = -2, 4*v - 4*k - 64 = 0. What is the remainder when 80 is divided by v?
12
Suppose -2*v = -0*v - 52. Calculate the remainder when v is divided by 16.
10
Let w(z) = -z + 8. Let x be w(6). Suppose -p = 2*a - 42, 2*p - 163 = -x*p - 3*a. Let k = -19 + p. Calculate the remainder when 41 is divided by k.
20
Let a = 53 - 25. Calculate the remainder when a is divided by 9.
1
Let b(s) = s**2 - 6*s + 1. Let y be b(5). Let z = y - -13. Let l = -21 - -37. What is the remainder when l is divided by z?
7
Let d(k) = k + 6. Calculate the remainder when 56 is divided by d(14).
16
Let l be (4 + 2)*4/6. Suppose -l*u + 2*u + a + 19 = 0, 2*u - 3*a = 21. Let n = 45 + -19. What is the remainder when n is divided by u?
8
Let q(x) = 4*x + 2. Let c = -12 + 17. Suppose -4*h + 81 - c = 0. What is the remainder when h is divided by q(2)?
9
Let r = -10 - -18. Calculate the remainder when 30 is divided by r.
6
Let p(j) = -14*j**3 + j**2 - j - 2. Let w(a) = 2*a**3 - 8*a**2 + 10*a. Calculate the remainder when w(4) is divided by p(-1).
12
Let y(x) be the third derivative of x**4/12 - x**3 + x**2. Let r be y(4). Let h(l) = 6*l - 3. Calculate the remainder when 16 is divided by h(r).
7
Let i be ((-16)/4)/4 + -5. What is the remainder when 57 is divided by (-290)/(-15) - i/9?
17
Suppose 3*x + x = 8. Let o(c) = 6*c**3 + c**2 - c. Let a be o(1). What is the remainder when 24 is divided by 40/3 - x/a?
11
Let g(x) = 4*x**2 - x + 2. Calculate the remainder when g(2) is divided by 8 + -1 - 1/1.
4
Let v = -2 - -12. Let o = 22 + -18. Calculate the remainder when v is divided by o.
2
Let k(a) = a**3 + 7*a**2 - 4*a - 4. Let r be k(-7). Let h = r - 14. Calculate the remainder when 29 is divided by 5/((h/(-4))/(-5)).
9
Suppose 2*h = -h + 9. Let l be (-3 - -1)/(-2) + h. Suppose 3*y - 5*b + 0*b - 22 = 0, -2*y - 2*b = -l. What is the remainder when 11 is divided by y?
3
What is the remainder when -1*(-4 - 0) + (139 - 1) is divided by 36?
34
What is the remainder when ((-30)/8*-1)/((-9)/(-36)) is divided by -1*(-1 + 1*-7)?
7
Let f(a) be the first derivative of -a**3/3 - 3*a**2 - 4*a + 1. What is the remainder when 10 is divided by f(-4)?
2
Suppose 0*u = -4*u + 12. Suppose 5*d - 2*d = 30. Suppose -4*j = y + d, 7*y - 5*j - 23 = 3*y. What is the remainder when u is divided by y?
1
Let c(m) = -4*m**3 - 3*m**2. Calculate the remainder when 38 is divided by c(-2).
18
Let b(q) = q. What is the remainder when 21 is divided by b(6)?
3
Let k = -4 - -7. Suppose 4*g - 4*l + 17 = 201, 2*g + 4*l = 86. Calculate the remainder when g is divided by (-22)/(-6)*k + 1.
9
Suppose 5*r - 13 = 3*p, 4*p + p - 5 = 3*r. Let l(m) = m**2 - 2. Suppose 4 = -2*a + 12. Calculate the remainder when l(a) is divided by r.
4
Let h = -11 + 20. Suppose h = -0*a + a. Suppose -4*j + 36 = 4*n, -4*j + 8*n - 3*n + a = 0. What is the remainder when 11 is divided by j?
5
Let l(v) = -47*v - 5. What is the remainder when l(-2) is divided by 18?
17
Let h(b) = 12*b - 70. Calculate the remainder when h(16) is divided by 21.
17
Let p(k) = k**2 + 2*k - 1. What is the remainder when 18 is divided by p(-4)?
4
Let n = -33 + 40. Suppose 3*u - 2*m = 70, 32 = 5*u + 4*m - 48. What is the remainder when u is divided by n?
6
Let h be (-1 - (-177)/6)*4. Let o = h - 80. What is the remainder when o is divided by 12?
10
Let l(s) = -45*s - 18. Suppose 0 = 4*o - p - 59, -5*o + o = 4*p - 44. What is the remainder when l(-1) is divided by o?
13
Let f(z) = -5*z + 1. Let g be f(-1). Suppose g*c = 2*c. Suppose 2*k = -c*k + 22. What is the remainder when 43 is divided by k?
10
Let q(c) be the first derivative of -c**3/3 - 15*c**2/2 - 19*c - 1. Let n be q(-14). Calculate the remainder when ((-8)/n)/((-3)/(-15)) is divided by 3.
2
Suppose -4*h = -3*y - 37, -y = 5*h - 51 - 0. Calculate the remainder when (2 - 10)*18/(-8) is divided by h.
8
Suppose 2*r = -3*n - 20, 4*r - 2*n - n = -4. Let k be r/(-1)*1/(-2). Calculate the remainder when 32 is divided by ((-44)/(-6))/(k/(-3)).
10
Suppose 2*z = 4*z + 16. Let a = -4 - z. Suppose -b + x = -2, 0*b + 3*b - 5*x = a. Calculate the remainder when 7 is divided by b.
1
Suppose 8*p - 4*p = 92. Suppose 3*l - 2*u - 43 = 3*u, 0 = -l - 4*u - 14. What is the remainder when p is divided by l?
5
Suppose 3*c - 57 = -3*w - 0*w, 5*w = -c + 87. What is the remainder when 66 is divided by w?
15
Suppose -3*g + 151 = 2*i, -i + 4*i = 3*g + 219. What is the remainder when i is divided by 25?
24
Suppose 5*o - 18 = 7. Suppose o*f = -c + 12, 16 - 3 = 2*c - f. Let u(p) = 2*p**2 - 3*p - 1. Calculate the remainder when u(-2) is divided by c.
6
Let u(g) = 4*g - 27. Calculate the remainder when u(11) is divided by (-2)/(-9) + 158/18.
8
What is the remainder when 179 is divided by ((-27)/(-12))/((-3)/(-16))?
11
Let l(x) = -x**3 - 5*x**2 + 4*x - 2. Calculate the remainder when l(-6) is divided by 3.
1
Let i(z) = -z**3 + 3*z**2 + z + 1. Let a be i(3). Suppose 0 = 2*s - 2*c - 18, 3*c + 3 + 8 = -s. Calculate the remainder when a/20 + 68/10 is divided by s.
3
Let z(g) = g**2 + 3*g. Let f be z(-3). Suppose -2*x + 6 = -f*x. Suppose -x*n - 60 = -8*n. Calculate the remainder when 35 is divided by n.
11
Let h(n) = -5*n + 1. Let v = 2 - -3. Suppose v*u - 18 = 87. Calculate the remainder when u is divided by h(-2).
10
Suppose 4*u + 50 = 3*n + 2*n, 0 = -3*n + 2*u + 28. Suppose -n*g + 4 = -2*g. What is the remainder when 2 is divided by g?
0
Let h(w) = w**3 + 4*w**2 - 8*w - 7. Let c be h(-5). Suppose -c = -t - 6. Calculate the remainder when t is divided by -1*(-2)/(2*1).
0
Let u be 6/(-4)*(-4 + 58). Let y = 132 + u. Calculate the remainder when y is divided by 13.
12
Suppose 5 = -5*g - 5*z, -2*g - 4*z + 13 = -7*z. Let w(j) = -j**3 + 3*j**2 - 2*j + 3. Let n = 7 - 5. Calculate the remainder when w(g) is divided by n.
1
Let q = 2 - -14. What is the remainder when q is divided by 16?
0
Let f(g) = 4*g**2 + 6*g - 1. Let q(r) = 7*r**2 + 13*r - 2. Let t(x) = 5*f(x) - 3*q(x). Calculate the remainder when t(-7) is divided by 8.
7
Suppose -91 = o + 149. Let i = -134 - o. Suppose 3*d - 54 = 3*z + 9, 4*z = 5*d - i. What is the remainder when d is divided by 12?
10
Let z = -64 - -76. What is the remainder when 21 is divided by z?
9
Let f(m) = m**2. Let s be f(1). Suppose -w = -p + s, w = -2 - 1. Calculate the remainder when 14 is divided by (-5)/(0/p + -1).
4
Let y = -10 - -24. Let u = 21 + -13. Calculate the remainder when y is divided by u.
6
Suppose p - 44 = -3*p. What is the remainder when 43 is divided by p?
10
Let w(s) = s**2 + 7*s - 6. Let r be w(-7). Let u(g) = -g**3 - 6*g**2 - g - 4. Calculate the remainder when 7 is divided by u(r).
1
Let v be (75/(-9))/((-2)/6). Suppose 16 = 4*f + b - 4, -5*f + 2*b = -v. Let d = 26 - 13. Calculate the remainder when d is divided by f.
3
What is the remainder when 130/(-4)*24/(-20) is divided by 20?
19
Let n = 20 + -13. Let w = n + -3. Suppose 0 = 3*f - f + 2*a - 10, w*f + 5*a = 16. Calculate the remainder when 16 is divided by f.
7
Suppose 22*t - 15*t = 98. Calculate the remainder when 54 is divided by t.
12
Calculate the remainder when 30 + (0 - (1 + -2)) is divided by 17.
14
Suppose 0*l + 5*l + 5*w - 40 = 0, -2*l = -2*w - 4. Suppose -l*c = -0*c - 15. What is the remainder when 4 is divided by c?
1
Let k = -19 + 27. Let z = 22 + -16. What is the remainder when k is divided by (-8)/12 + 22/z?
2
Let n = -85 + 90. Let a(j) = -j**3 + 8*j**2 - 7*j + 2. What is the remainder when n is divided by a(7)?
1
Let v be 4/10 + (-1389)/(-15). Suppose 0 